e highest common factor of 4087 and 134?
67
Calculate the greatest common factor of 2629 and 99.
11
Calculate the greatest common divisor of 11 and 13.
1
What is the highest common factor of 14 and 406?
14
What is the greatest common divisor of 18984 and 56?
56
Calculate the highest common factor of 8 and 3452.
4
What is the highest common divisor of 24 and 1308?
12
What is the highest common divisor of 9 and 423?
9
What is the greatest common factor of 112 and 210?
14
Calculate the highest common divisor of 1356 and 791.
113
What is the greatest common factor of 4381 and 78?
13
Calculate the highest common divisor of 222 and 6.
6
What is the greatest common divisor of 29 and 435?
29
What is the highest common divisor of 3542 and 539?
77
What is the highest common divisor of 245 and 49?
49
Calculate the highest common factor of 8 and 500.
4
Calculate the highest common factor of 305 and 40.
5
What is the greatest common divisor of 155 and 5022?
31
What is the greatest common divisor of 15360 and 720?
240
Calculate the greatest common divisor of 644 and 92.
92
Calculate the highest common factor of 12010 and 10.
10
Calculate the greatest common factor of 1155 and 70.
35
Calculate the highest common factor of 98 and 2499.
49
What is the greatest common factor of 1810 and 10?
10
Calculate the greatest common factor of 153 and 36.
9
Calculate the greatest common factor of 324 and 84.
12
Calculate the highest common divisor of 176 and 7876.
44
Calculate the greatest common divisor of 4293 and 106.
53
What is the greatest common factor of 12 and 114?
6
Calculate the greatest common divisor of 16 and 656.
16
What is the greatest common factor of 888 and 84?
12
Calculate the greatest common divisor of 35 and 182.
7
Calculate the greatest common factor of 96 and 3.
3
What is the greatest common factor of 1184 and 37?
37
What is the greatest common divisor of 3215 and 95?
5
What is the highest common factor of 120 and 72?
24
Calculate the highest common divisor of 127 and 92202.
127
What is the greatest common factor of 1344 and 84?
84
Calculate the greatest common factor of 225 and 275.
25
What is the greatest common divisor of 13351 and 26?
13
What is the highest common divisor of 140 and 1190?
70
Calculate the highest common divisor of 9180 and 18.
18
What is the highest common factor of 4 and 54?
2
What is the highest common divisor of 413 and 35?
7
What is the highest common divisor of 6482 and 42?
14
Calculate the greatest common factor of 450 and 5310.
90
What is the highest common divisor of 344 and 108?
4
What is the greatest common factor of 87 and 261?
87
What is the greatest common factor of 3133 and 247?
13
Calculate the greatest common divisor of 78 and 117.
39
Calculate the highest common divisor of 3 and 192.
3
Calculate the highest common divisor of 162 and 6.
6
What is the greatest common factor of 470 and 10?
10
What is the highest common factor of 143 and 44?
11
What is the greatest common factor of 720 and 304?
16
Calculate the greatest common divisor of 3859 and 17.
17
Calculate the greatest common factor of 3 and 997.
1
Calculate the highest common divisor of 320 and 30.
10
Calculate the greatest common factor of 1425 and 30.
15
Calculate the greatest common factor of 731 and 102.
17
What is the greatest common divisor of 3843 and 441?
63
Calculate the highest common factor of 378 and 15.
3
What is the greatest common factor of 120 and 1350?
30
Calculate the highest common factor of 3751 and 726.
121
Calculate the greatest common factor of 12 and 96.
12
Calculate the highest common divisor of 78 and 1014.
78
What is the greatest common divisor of 80 and 150?
10
What is the highest common factor of 168 and 432?
24
What is the greatest common divisor of 946 and 88?
22
Calculate the greatest common divisor of 19 and 247.
19
Calculate the highest common factor of 2256 and 192.
48
Calculate the greatest common factor of 198 and 44.
22
Calculate the highest common divisor of 72 and 4068.
36
What is the greatest common factor of 603 and 9?
9
Calculate the highest common divisor of 58 and 841.
29
Calculate the greatest common divisor of 314 and 103934.
314
What is the greatest common factor of 40 and 330?
10
What is the greatest common divisor of 67 and 48508?
67
Calculate the greatest common divisor of 9 and 53.
1
Calculate the greatest common factor of 1577 and 608.
19
What is the highest common divisor of 340 and 400?
20
Calculate the highest common factor of 2244 and 48.
12
What is the highest common divisor of 12 and 41316?
12
Calculate the highest common divisor of 3185 and 147.
49
Calculate the greatest common factor of 88 and 4.
4
Calculate the greatest common factor of 1969 and 11.
11
What is the highest common divisor of 654 and 48?
6
Calculate the greatest common divisor of 130 and 45110.
130
Calculate the greatest common divisor of 4 and 1176.
4
What is the highest common divisor of 10 and 12980?
10
Calculate the greatest common divisor of 94 and 47.
47
Calculate the greatest common factor of 17 and 493.
17
Calculate the greatest common factor of 318 and 16.
2
Calculate the greatest common divisor of 19918 and 184.
46
What is the greatest common factor of 35 and 6839?
7
Calculate the greatest common factor of 1224 and 288.
72
Calculate the highest common divisor of 224 and 847.
7
Calculate the highest common factor of 2457 and 91.
91
Calculate the highest common factor of 6 and 144.
6
Calculate the greatest common divisor of 448 and 14.
14
Calculate the greatest common factor of 690 and 30.
30
What is the highest common factor of 147 and 2303?
49
Calculate the highest common factor of 14 and 210.
14
Calculate the greatest common divisor of 748 and 649.
11
Calculate the greatest common divisor of 110 and 1606.
22
Calculate the greatest common factor of 156 and 117.
39
Calculate the greatest common divisor of 3243 and 69.
69
What is the highest common divisor of 5 and 466?
1
What is the greatest common divisor of 16 and 394?
2
What is the greatest common divisor of 122 and 6466?
122
What is the greatest common factor of 148 and 1406?
74
Calculate the greatest common factor of 9580 and 20.
20
What is the greatest common divisor of 18 and 6?
6
What is the highest common factor of 168 and 63?
21
What is the highest common factor of 22 and 29150?
22
Calculate the greatest common factor of 1265 and 5.
5
Calculate the highest common divisor of 4 and 1246.
2
What is the greatest common factor of 2 and 199?
1
Calculate the greatest common divisor of 72 and 456.
24
Calculate the greatest common divisor of 22 and 3058.
22
What is the highest common divisor of 4484 and 76?
76
Calculate the greatest common divisor of 140 and 1180.
20
Calculate the greatest common factor of 19 and 2033.
19
Calculate the greatest common factor of 135 and 105.
15
Calculate the highest common factor of 605 and 473.
11
What is the highest common divisor of 11 and 21923?
11
What is the highest common divisor of 109 and 24307?
109
Calculate the highest common divisor of 115 and 92.
23
Calculate the greatest common divisor of 88 and 7568.
88
Calculate the highest common divisor of 160 and 12.
4
What is the highest common factor of 286 and 44?
22
Calculate the greatest common divisor of 105 and 4665.
15
Calculate the greatest common factor of 536 and 2546.
134
Calculate the greatest common factor of 3268 and 860.
172
Calculate the greatest common divisor of 7 and 525.
7
Calculate the greatest common divisor of 134 and 11189.
67
Calculate the greatest common factor of 57 and 266.
19
Calculate the greatest common factor of 350 and 100.
50
What is the highest common factor of 105 and 3360?
105
Calculate the highest common divisor of 5358 and 19.
19
What is the greatest common divisor of 90 and 81?
9
Calculate the highest common divisor of 57305 and 365.
365
Calculate the greatest common divisor of 188 and 13536.
188
What is the highest common divisor of 1939 and 21?
7
What is the greatest common divisor of 1950 and 78?
78
What is the highest common factor of 17841 and 57?
57
What is the highest common factor of 1001 and 273?
91
Calculate the greatest common factor of 108 and 162.
54
Calculate the greatest common factor of 11264 and 176.
176
What is the highest com